{"id":4117,"date":"2018-09-09T09:13:56","date_gmt":"2018-09-09T08:13:56","guid":{"rendered":"http:\/\/www.cochemer-rudergesellschaft.de\/?page_id=4117"},"modified":"2018-09-09T09:13:56","modified_gmt":"2018-09-09T08:13:56","slug":"partner-gonner-und-sponsoren","status":"publish","type":"page","link":"https:\/\/www.cochemer-rudergesellschaft.de\/?page_id=4117","title":{"rendered":"Partner, G\u00f6nner und Sponsoren"},"content":{"rendered":"<p>Im Namen der Cochemer Rudergesellschaft 1905 e.V. darf ich mich bei Ihnen recht herzlich daf\u00fcr bedanken, dass Sie sich dazu bereit erkl\u00e4rt haben, die Cochemer Rudergesellschaft 1905 e. V. tatkr\u00e4ftig zu unterst\u00fctzen.<\/p>\n<p>Ung\u00fcnstige Rahmenbedingungen, r\u00fcckl\u00e4ufige Mitgliederzahlen, gek\u00fcrzte Zusch\u00fcsse bei steigenden Ausgaben engen den Finanzrahmen insbesondere eines Breitensportvereins stark ein.<\/p>\n<p>Umso mehr sch\u00e4tzen wir nat\u00fcrlich Ihre Bereitschaft f\u00fcr Ihre Unterst\u00fctzung. Ich darf Ihnen versichern, dass hier der Verein im Rahmen seiner M\u00f6glichkeiten Hervorragendes leistet. Die sportlichen Erfolge sind Anlass zur Freude.<\/p>\n<p>Wenn Sie an dieser Stelle unsere Arbeit unterst\u00fctzen, ist das sicher eine Investition in unsere Jugend und Zukunft.<\/p>\n<p>Ganz besonders w\u00fcrden wir uns freuen, Sie im Rahmen unseres Sportangebotes und bei einer unserer Veranstaltungen begr\u00fc\u00dfen zu d\u00fcrfen.<\/p>\n<p>Mit sportlichen Gr\u00fc\u00dfen,<\/p>\n<p>Rolf Heidorn<br \/>\n1.Vorsitzender<\/p>\n<p>&nbsp;<\/p>\n<table style=\"width: 80%;\" cellspacing=\"1\" cellpadding=\"1\" border=\"1\">\n<tbody>\n<tr>\n<td><a href=\"http:\/\/www.sparkasse-emh.de\" target=\"_blank\" rel=\"noopener\"><img loading=\"lazy\" decoding=\"async\" src=\"http:\/\/www.cochemer-rudergesellschaft.de\/wp-content\/uploads\/Logo_EMH_2010_Rot.jpg\" alt=\"\" width=\"294\" height=\"97\"><\/a><\/td>\n<td>Postanschrift:<br \/>\nSparkasse Mittelmosel &#8211; Eifel Mosel Hunsr\u00fcck<br \/>\n54469 Bernkastel-Kues<\/p>\n<p>Hausanschrift:<br \/>\nSparkasse Mittelmosel &#8211; Eifel Mosel Hunsr\u00fcck<br \/>\nCusanusstra\u00dfe 24a<br \/>\n54470 Bernkastel-Kues<\/p>\n<p>Telefon: 06531\/959-3030<br \/>\nTelefax: 06531\/959-60550<\/p>\n<p>info(at)sparkasse-emh.de<br \/>\n<a href=\"http:\/\/www.sparkasse-emh.de\" target=\"_blank\" rel=\"noopener\">http:\/\/www.sparkasse-emh.de<\/a><\/td>\n<td>&nbsp;<\/td>\n<\/tr>\n<tr>\n<td><img loading=\"lazy\" decoding=\"async\" src=\"http:\/\/www.cochemer-rudergesellschaft.de\/wp-content\/uploads\/vvc.JPG\" alt=\"\" width=\"277\" height=\"42\"><\/td>\n<td>Volksbank Cochem, Niederlassung der Vereinigten Volksbank Raiffeisenbank eG<br \/>\nRavenestra\u00dfe 25<br \/>\n56812 Cochem<\/p>\n<p>Telefon: 02671 660<\/p>\n<p>info(at)vvr-bank.de<br \/>\n<a href=\"http:\/\/www.vvr-bank.de\/\" target=\"_blank\" rel=\"noopener\">http:\/\/www.vvr-bank.de\/<\/a><\/td>\n<td>&nbsp;<\/td>\n<\/tr>\n<tr>\n<td><a href=\"http:\/\/www.brillen-mueller-cochem.de\/index.html\" target=\"_blank\" rel=\"noopener\"><img loading=\"lazy\" decoding=\"async\" src=\"http:\/\/www.cochemer-rudergesellschaft.de\/wp-content\/uploads\/logo_BM(1).jpg\" alt=\"\" width=\"300\" height=\"150\"><\/a><\/td>\n<td>Brillen M\u00fcller GmbH &amp; Co.KG<\/p>\n<p>Markt 12<br \/>\n56812 Cochem<br \/>\nTel. (02671) 98 75 0<br \/>\nFax (02671) 98 75 20<\/p>\n<p>bmo(at)brillen-mueller-cochem.de<br \/>\n<a href=\"http:\/\/www.brillen-mueller-cochem.de\" target=\"_blank\" rel=\"noopener\">http:\/\/www.brillen-mueller-cochem.de<\/a><\/td>\n<td>Dorothee M\u00fcller-Renn<br \/>\nstaatl. gepr\u00fcfte Augenoptikerin<br \/>\nAugenoptikermeisterin<br \/>\nH\u00f6rger\u00e4te-Akustikmeisterin<br \/>\n(Bundesrepublik Deutschland)<\/td>\n<\/tr>\n<tr>\n<td><a href=\"http:\/\/www.lotto-rlp.de\/\" target=\"_blank\" rel=\"noopener\"><img loading=\"lazy\" decoding=\"async\" src=\"http:\/\/www.cochemer-rudergesellschaft.de\/wp-content\/uploads\/LOT_LogoStiftungRLP_4C(1).jpg\" alt=\"\" width=\"400\" height=\"131\"><\/a><\/td>\n<td>Lotto Rheinland-Pfalz GmbH<br \/>\nFerdinand-Sauerbruch-Str. 2<br \/>\n56073 Koblenz<\/p>\n<p>Telefon: +49 (0)800 56 88 600<br \/>\nFax: +49 (0)261 \/ 94 38-613<\/p>\n<p>info(at)lotto-rlp.de<br \/>\n<a href=\"http:\/\/www.lotto-rlp.de\" target=\"_blank\" rel=\"noopener\">http:\/\/www.lotto-rlp.de<\/a><\/td>\n<td>Marion Wolber<br \/>\nKulturf\u00f6rderung\/Veranstaltungen<br \/>\n&#8212;<br \/>\nLotto Rheinland-Pfalz Stiftung<br \/>\nFerdinand-Sauerbruch-Stra\u00dfe 2<br \/>\n56073 Koblenz<br \/>\nTel.: 0261 9438-181<br \/>\nFax: 0261 9438-617<\/p>\n<p>marion.wolber(at)lotto-rlp.de<\/td>\n<\/tr>\n<tr>\n<td><img loading=\"lazy\" decoding=\"async\" src=\"http:\/\/www.cochemer-rudergesellschaft.de\/wp-content\/uploads\/zappei(1).jpg\" alt=\"\" width=\"450\" height=\"110\"><\/td>\n<td>Inhaber: Martin Kranz e. K.<br \/>\nPostfach 1570<br \/>\nSehler Anlagen 30-31<br \/>\n56812 Cochem-Sehl<\/p>\n<p>Telefon: +49 (0) 26 71 \u2013 98 79 0<br \/>\nTelefax: +49 (0) 26 71 \u2013 98 79 19<br \/>\n<script type=\"text\/javascript\">\n<!-- \nemailE='t-online.de'\nemailE=(unescape('&#122;&#97;&#112;&#112;&#101;&#105;') + '@' + emailE)\ndocument.write('<a href=\"mailto:' + emailE + '\" title=\"Schreiben Sie eine email an Getr&auml;nke Zappei\">' + '&#122;&#97;&#112;&#112;&#101;&#105;@t-online.de' + '<\/a>')\n \/\/-->\n<\/script><a href=\"mailto:zappei@t-online.de\"><br \/>\nzappei(at)t-online.de<\/a><br \/>\n<a href=\"http:\/\/www.getraenke-zappei.de\" target=\"_blank\" rel=\"noopener\">http:\/\/www.getraenke-zappei.de<\/a><\/td>\n<td>&nbsp;<\/td>\n<\/tr>\n<\/tbody>\n<\/table>\n","protected":false},"excerpt":{"rendered":"<p>Im Namen der Cochemer Rudergesellschaft 1905 e.V. darf ich mich bei Ihnen recht herzlich daf\u00fcr bedanken, dass Sie sich dazu bereit erkl\u00e4rt haben, die Cochemer Rudergesellschaft 1905 e. V. tatkr\u00e4ftig zu unterst\u00fctzen. Ung\u00fcnstige Rahmenbedingungen, r\u00fcckl\u00e4ufige Mitgliederzahlen, gek\u00fcrzte Zusch\u00fcsse bei steigenden Ausgaben engen den Finanzrahmen insbesondere eines Breitensportvereins stark ein. Umso mehr sch\u00e4tzen wir nat\u00fcrlich Ihre&nbsp;&hellip;<\/p>\n","protected":false},"author":2,"featured_media":0,"parent":4491,"menu_order":4,"comment_status":"closed","ping_status":"closed","template":"","meta":{"ngg_post_thumbnail":0,"footnotes":""},"class_list":["post-4117","page","type-page","status-publish","hentry"],"jetpack_sharing_enabled":true,"_links":{"self":[{"href":"https:\/\/www.cochemer-rudergesellschaft.de\/index.php?rest_route=\/wp\/v2\/pages\/4117","targetHints":{"allow":["GET"]}}],"collection":[{"href":"https:\/\/www.cochemer-rudergesellschaft.de\/index.php?rest_route=\/wp\/v2\/pages"}],"about":[{"href":"https:\/\/www.cochemer-rudergesellschaft.de\/index.php?rest_route=\/wp\/v2\/types\/page"}],"author":[{"embeddable":true,"href":"https:\/\/www.cochemer-rudergesellschaft.de\/index.php?rest_route=\/wp\/v2\/users\/2"}],"replies":[{"embeddable":true,"href":"https:\/\/www.cochemer-rudergesellschaft.de\/index.php?rest_route=%2Fwp%2Fv2%2Fcomments&post=4117"}],"version-history":[{"count":0,"href":"https:\/\/www.cochemer-rudergesellschaft.de\/index.php?rest_route=\/wp\/v2\/pages\/4117\/revisions"}],"up":[{"embeddable":true,"href":"https:\/\/www.cochemer-rudergesellschaft.de\/index.php?rest_route=\/wp\/v2\/pages\/4491"}],"wp:attachment":[{"href":"https:\/\/www.cochemer-rudergesellschaft.de\/index.php?rest_route=%2Fwp%2Fv2%2Fmedia&parent=4117"}],"curies":[{"name":"wp","href":"https:\/\/api.w.org\/{rel}","templated":true}]}}